 is the value of 16 + 15 + -16 + -9?
6
Calculate 11 - (14 - (4 - 15 - -10)).
-4
20 + -5 + 5 + -7 + 7
20
Evaluate (8 - (8 - (15 + -9))) + (-2 - 2).
2
Calculate -18 - (13 - (28 + -5 + -11)).
-19
Evaluate 15 + -1 - (-30 - -44).
0
What is -1 - (-16 + 16 + (3 - 13))?
9
What is -30 - (-17 - -11 - -3) - -8?
-19
-2 + 4 + (-4 - -4) - (120 - 113)
-5
Evaluate (-16 - -6) + 3 + 1 + 18.
12
(-6 - -20) + (-8 - -26) + -11
21
What is 9 + 39 + -16 + -17 - (-2 + 0)?
17
What is -6 + 0 + (19 + 6 - 21)?
-2
-16 + (10 + 1 - -1) - (-1 + 9)
-12
-4 + 3 + 9 + -17 + 17 + -4
4
Calculate 39 - ((-2 - -15) + -1 - 1).
28
(0 - 15) + 1 - (18 + -37 - -21)
-16
Calculate 16 - ((2 - -10) + 13) - -17.
8
-35 + (-40 - -27 - -32)
-16
6 + (2 - (5 - -1)) + 21 + -8
15
Calculate (7 + 3 - 12 - -3) + 2.
3
What is the value of 2 + 3 + (3 - (-2 - (10 - 19)))?
1
26 + (-13 - 0 - (-89 + 86))
16
Evaluate 0 + 0 - 4 - (-47 - (-19 - -2)).
26
Calculate -34 - (22 + -37 + 4).
-23
What is -31 + 23 + -12 + 43?
23
Evaluate (-4 - 2 - -3) + (23 - (-17 - -37)).
0
What is the value of 13 + -48 + (9 - -11)?
-15
Evaluate -14 + 2 + -22 + 35.
1
Evaluate -5 - (-12 + -1 + 90 + -85).
3
What is -22 + (-4 + 15 - -1 - 5 - 1)?
-16
Calculate 1 - 2 - 14 - (18 - -3 - 24).
-12
(-28 - (-9 + -5)) + 13
-1
Evaluate 3 - (4 + 1 + 1 + 1) - 1.
-5
What is the value of -1 + -5 - ((-11 - -7) + 0 + 6)?
-8
Evaluate -9 - (6 + -1) - -5.
-9
What is the value of -3 - (12 + (1 - 25) - -6)?
3
Evaluate (3 - (0 + 15)) + (54 - 30).
12
What is the value of (-5 - -2) + 3 + (-3 - 8)?
-11
Calculate (-10 - 24) + 4 + 21.
-9
Calculate (41 - 33) + -39 - -17.
-14
Evaluate -6 + (9 - (-1 + 13 + (27 - 34))).
-2
0 + 4 + (-17 - -3) + 2 - 6
-14
What is the value of (0 - 3) + 43 + 458 + -470?
28
What is (-9 - (-32 - -15)) + (4 - 0)?
12
-5 + (-5 - -34) + (-2 - (0 + -2))
24
What is 9 + -20 + 10 + 26 + 4?
29
What is the value of 9 + (7 - (2 - 3 - (-15 + 7)))?
9
Evaluate -2 + 1 + -8 + (-21 + 30 - 18).
-18
Evaluate -19 + (15 - 4) + -1 + 26.
17
Evaluate 1 + ((-1 - 7) + -107 + 106 - -17).
9
Evaluate -23 - (-61 - (-10 + -12)).
16
Evaluate (-33 - -31) + 41 - 41.
-2
What is the value of -3 + 6 + 5 - (-7 + 8 + 9)?
-2
Calculate (28 - 7 - 24) + -22.
-25
(-1 - (-9 - -17)) + 6
-3
-3 + (0 - -1) + 11 - (1152 - 1150)
7
What is 5 + (0 + (0 - -2) - 1) + 2?
8
What is the value of 53 - 68 - (1 - -13)?
-29
6 - (22 - 16) - 12
-12
What is the value of 24 - (0 + 17) - 12?
-5
What is the value of -10 + -14 + 43 + -47?
-28
Calculate -6 + (20 - 9) + (-2 - 2) + -6.
-5
What is -1 - -15 - (-74 - -52 - -16)?
20
What is 15 + -11 + (-6 + 5 - 5)?
-2
Calculate -7 + (5 - -8) + -14 + 1 + -26.
-33
20 - (10 - 1 - (16 - (44 + -31)))
14
What is the value of 5 + 1 - (-101 + 105)?
2
What is the value of 9 - (-4 - (6 + -3)) - 4?
12
What is -5 - (16 - 9) - -6 - (10 + -8)?
-8
What is -9 + -2 - (-129 + 107)?
11
Calculate (10 - 9) + (2 - 3) + (27 - -4).
31
Calculate 0 - 7 - (54 - 59) - -19.
17
(11 + -24 - -15) + -4 - (0 + 9)
-11
What is the value of 0 + 2 - (2 + 17 + -28)?
11
Calculate -2 + 1 + (0 + 2 - -2) - -9.
12
Calculate (6653 - 6651) + (-1 - -7) + 1.
9
Evaluate (-23 - -19) + (15 - (-3 - -2)).
12
35 - (-22 + 10 + 33)
14
Calculate -17 - (-16 + -1 + -17) - (14 + -2).
5
-7 + 11 + (-1 - 2)
1
-19 + 12 + (-3 - -11)
1
Calculate 0 + -4 - 1 - (-71 + 88) - -6.
-16
What is the value of (-2 - -2 - 5) + 28 + -5 + 2?
20
Evaluate (-2 - (6 + 2 + -15)) + 3 - -4.
12
Evaluate -12 - ((-39 - -2) + (-1 - (0 + -3))).
23
Evaluate 12 + (-20 - -3 - -3).
-2
Calculate (2 - 4) + 9 - 3.
4
What is the value of -9 + -2 - (-30 + 16 - (5 - 12))?
-4
Calculate 8 - (49 - 46) - (0 + 1).
4
What is 11 + -15 - (-17 - (-1 - 3) - -5)?
4
Evaluate 1 - (-3 - -1 - -13).
-10
(3 - (-8 - -11)) + -2 + -2 - 3
-7
Calculate (-14 - (-12 + 1)) + -8.
-11
What is (7 - 14) + 0 + 12 - 5?
0
What is the value of -3 - -5 - (-84 - -93)?
-7
What is 0 + 0 + 2 + (-2 - 2) + -2?
-4
What is -33 - (-2 + -21 - 6)?
-4
Calculate (1 - -3) + (-5 - -3) + 7 + 3.
12
What is (-4 + -11 - (26 + -39)) + 14?
12
Evaluate (-21 - -2) + -1 + 3 + (-39 - -38).
-18
15 - ((63 - 4) + -38)
-6
What is the value of 1 + 1 + 1 - (13 - 5)?
-5
Evaluate 0 + 12 - (-5 + -19 - -17).
19
Evaluate 156 - 160 - ((2 - -6) + (1 - 1)).
-12
Calculate 11 - (24 + (-28 - -7) + -4).
12
What is -2 + (-4 - -2) - -3 - (14 + 3)?
-18
-3 - (3 + (-16 - -8)) - (1 - 5)
6
-123 + 128 - (-1 + 0 - 3)
9
What is -13 + (-7 - -39) - 8?
11
What is the value of 19 - (33 - (-23 + 50))?
13
What is -25 - (1 - (-13 - -27))?
-12
-1 - ((1 - (-5 - -5) - -4) + 2)
-8
Calculate -12 - -17 - (74 + -57).
-12
What is the value of -66 + 60 + (1 - 4 - 7)?
-16
Calculate -2 + 0 - (25 - (-5 + 16 - 12)).
-28
What is (0 - 2 - (-14 - (-3 + -14))) + -4?
-9
What is the value of -7 + 6 + (1 - -2) + 1?
3
What is (-25 - -12) + -8 + -15 + 13?
-23
Evaluate 3 + -1 + 4 - (-2 - -5) - -5.
8
What is the value of -9 + (-3 + 6 - (3 + -2) - -2)?
-5
What is -11 + 1 + 12 - -8?
10
What is 24 + (4 - -8) + -13 - -4?
27
Calculate -10 - ((-7 - -10) + -8 + 1).
-6
(-1 + -8 + 17 - 7) + -4
-3
2 - (-16 + 9 + 5) - -1
5
What is 3 - (-2 + -1 + 1) - 0?
5
What is the value of -6 + (1 - 3) + -56 + 62 + 0?
-2
What is (-5 - 11 - -9) + 2 - 6?
-11
What is the value of 6 + 29 + 1 + -15?
21
Evaluate (7 - (8 + -1)) + -3 + 4.
1
Evaluate (-1 - (3 - -8 - 34)) + -12.
10
Calculate (-19 - 3) + 3 - (-39 - -31).
-11
Calculate -13 - -2 - (-151 - -135) - -22.
27
What is (6 - 18) + -8 + 2 + 13 + -3?
-8
7 + 1 - (-9 - (-7 + -6 + 8))
12
Evaluate (-9 + 9 - -17) + -16 + (1 - 2).
0
Calculate -1 + 11 - (-10 + -1 + -7 + 33).
-5
Calculate -5 + (-50 + 37 + 10 - (-10 - -1)).
1
What is 1 - -8 - (18 + -14 + 1)?
4
Calculate -164 - -165 - (5 - (3 - 4)).
-5
Evaluate 0 + 1 + (16 - 5).
12
(0 - 5) + (18 - (15 - -10) - -7)
-5
6 + -2 + (-24 - (-12 + -1))
-7
What is the value of -1 + 1 - ((-6 - 6) + 7)?
5
Evaluate -592 + 596 - (2 - (0 + 2 + -3)).
1
What is 2 + -2 - (-2 + 1 + -1 - -13)?
-11
Calculate 13 + -17 + -7 - (1 - 8).
-4
What is the value of -3 + -36 - (1 - (8 - 8)) - -10?
-30
What is the value of -2 + -5 - -8 - 2?
-1
Evaluate 18 + (-21 - (14 - 15)).
-2
What is the value of (-11 - 2 - (-6 - 2)) + (-2 - 19)?
-26
Evaluate (16 + 3 + -8 - 21) + 15.
5
Calculate (-1 - (3 - -1)) + (-34 - -41).
2
What is 9 + (-13 - (-20 + 6 + 6))?
4
Calculate 0 + 0 - (6 - (17 - 1 - 3)).
7
What is -6 - (-22 + 6 - -9)?
1
Calculate (-11 - -17) + -13 - 4.
-11
Calculate 5 + (8 - 23) - (-6 + 0) - 4.
-8
-43 + (38 - 10 - -15)
0
What is (9 - (-6 + 15)) + -4?
-4
(2 - -10) + -11 - 11
-10
What is the value of 0 + 3 + 19 + -3 + -7 + -5?
7
Evaluate 2 + 1 + (-6 + 9 - -5 - 7).
4
What is the value of -6 + 21 + -8 + -7?
0
What is the value of (-2 - 0) + -7 + 15?
6
Calculate -24 - ((-11 - 11 - -18) + -4 + 0).
-16
What is the value of (-1 - -24) + (-7 + -1 + -16 - -26)?
25
Calculate -12 + -11 - (1 + -4) - -3.
-17
Evaluate (-20 - -15 - -7) + (2 - -2).
6
11 + ((7 - 27) + 9 - -8)
8
Evaluate 5 + 2 + 7 + -24 + 2.
-8
Evaluate 4 + 29 + (5 - 17) + -9.
12
What is the value of 3 + 1 + -4 + -6 + 0?
-6
Evaluate -9 - -20 - (-5 + 8 + -4).
12
Calculate -3 + 0 + (15 - (20 + -20 - 24)).
36
Evaluate (-4 + (12 - 2) - 6) + -22.
-22
26 + -1 + -1 + (65 - 71)
18
Evaluate 0 - 12 - -13 - -5.
6
Calculate (2 - -1) + -7 + -4.
-8
What is the value of 9 + 0 - (5 - (19 - (4 - -6)))?
13
(14 - (18 - (2 - -1))) + (15 - 0)
14
Calculate (1 - 7) + -64 + -45 + 122.
7
What is the value of 2 + 24 + -28 - (13 - 1)?
-14
What is the value of -13 + 4 + 1 + -108 + 84?
-32
What is the value of (-5 - (2 - -14)) + (2 - -7 - 5)?
-17
What is -2 + -8 - (-18 - (5 + -3))?
10
Calculate -1 + -7 + (1 - 0) + -71 + 75.
-3
Calculate -3 - -2 - (-4 - (5 - 11 - -3)).
0
What is the value of -3 + (0 - -5) + (1 - -15 - 14)?
4
What is 28 - (-4 - (1 - 34))?
-1
-45 + 37 + -6 + 3 + -7
-18
What is -3 + -11 + 15 + 25?
26
What is the value of -13 - (-7 + -8 + -6)?
8
Calculate -517 + 522 - (1 + -2).
6
What is the value of 5 + (-7 - (-5 - 7))?
10
What is 139 + -128 - ((1 - 3 - 3) + -1)?
17
Evaluate 7 + (6 - (16 - 11)).
8
Calculate 9 - (-26 - (-44 + 5)).
-4
Evaluate -8 - (-21 + 22 + -2 + (0 - 0)).
-7
What is the value of -12 + 22 - (-11 - (-5 + -6 + 5))?
15
Calculate 13 + -12 + -7 + -4.
-10
Evaluate 4 - (1 - 1) - -42 - 5.
41
What is the value of -13 + 17 + -12 + -3 + -1?
-12
What is 9 + -3 + -7 + 2 + (-4 - 0)?
-3
What is the value of (1 - 50